{"id":81,"date":"2019-10-08T11:20:42","date_gmt":"2019-10-08T09:20:42","guid":{"rendered":"http:\/\/lepetitatelierdelily.fr\/?page_id=81"},"modified":"2026-08-02T21:19:48","modified_gmt":"2026-08-02T19:19:48","slug":"le-petit-atelier-de-lily-isolants-sur-mesure-camping-car-fourgon-van","status":"publish","type":"page","link":"https:\/\/www.lepetitatelierdelily.fr\/","title":{"rendered":""},"content":{"rendered":"<h3>ISOLANTS SUR MESURE<br \/>\n&amp;<br \/>\nFLOCAGE PERSONNALIS\u00c9<\/h3>\n<p>Des cr\u00e9ations sur mesure pour prot\u00e9ger, personnaliser et embellir votre camping-car, fourgon, van ou caravane.<\/p>\n<p>\t\t\t\t\t\t\t\t\t\t\t\t\t\t\t<img data-recalc-dims=\"1\" fetchpriority=\"high\" decoding=\"async\" width=\"960\" height=\"720\" src=\"https:\/\/i0.wp.com\/www.lepetitatelierdelily.fr\/wp-content\/uploads\/2026\/07\/IMG_7025.jpg?resize=960%2C720&#038;ssl=1\" alt=\"\" srcset=\"https:\/\/i0.wp.com\/www.lepetitatelierdelily.fr\/wp-content\/uploads\/2026\/07\/IMG_7025.jpg?resize=1024%2C768&amp;ssl=1 1024w, https:\/\/i0.wp.com\/www.lepetitatelierdelily.fr\/wp-content\/uploads\/2026\/07\/IMG_7025.jpg?resize=300%2C225&amp;ssl=1 300w, https:\/\/i0.wp.com\/www.lepetitatelierdelily.fr\/wp-content\/uploads\/2026\/07\/IMG_7025.jpg?resize=768%2C576&amp;ssl=1 768w, https:\/\/i0.wp.com\/www.lepetitatelierdelily.fr\/wp-content\/uploads\/2026\/07\/IMG_7025.jpg?resize=1536%2C1152&amp;ssl=1 1536w, https:\/\/i0.wp.com\/www.lepetitatelierdelily.fr\/wp-content\/uploads\/2026\/07\/IMG_7025.jpg?resize=1140%2C855&amp;ssl=1 1140w, https:\/\/i0.wp.com\/www.lepetitatelierdelily.fr\/wp-content\/uploads\/2026\/07\/IMG_7025.jpg?resize=600%2C450&amp;ssl=1 600w, https:\/\/i0.wp.com\/www.lepetitatelierdelily.fr\/wp-content\/uploads\/2026\/07\/IMG_7025.jpg?w=2048&amp;ssl=1 2048w, https:\/\/i0.wp.com\/www.lepetitatelierdelily.fr\/wp-content\/uploads\/2026\/07\/IMG_7025.jpg?w=1920&amp;ssl=1 1920w\" sizes=\"(max-width: 960px) 100vw, 960px\" \/>\t\t\t\t\t\t\t\t\t\t\t\t\t\t\t<\/p>\n<h3>Camping-cars \u2022 Fourgons \u2022 Vans \u2022 Caravanes<\/h3>\n<p>Des isolants confectionn\u00e9s sur mesure pour vos baies, lanterneaux et skyroof, adapt\u00e9s aux dimensions de votre v\u00e9hicule<\/p>\n<p>\t\t\t\t\t<a href=\"https:\/\/www.lepetitatelierdelily.fr\/?page_id=188\"><br \/>\n\t\t\t\t\t\t\t\t\tDEMANDER UN DEVIS<br \/>\n\t\t\t\t\t<\/a><\/p>\n","protected":false},"excerpt":{"rendered":"<p>ISOLANTS SUR MESURE &amp; FLOCAGE PERSONNALIS\u00c9 Des cr\u00e9ations sur mesure pour prot\u00e9ger, personnaliser et embellir votre camping-car, fourgon, van ou caravane.<br \/> Camping-cars \u2022 Fourgons \u2022 Vans \u2022 Caravanes Des isolants confectionn\u00e9s sur mesure pour vos baies, lanterneaux et skyroof, adapt\u00e9s aux dimensions de votre v\u00e9hicule DEMANDER UN DEVIS<\/p>\n","protected":false},"author":1,"featured_media":0,"parent":0,"menu_order":0,"comment_status":"closed","ping_status":"closed","template":"","meta":{"remove_blocks_before_content":false,"remove_blocks_after_content":false,"disable_reading_progress_bar":false,"footnotes":""},"class_list":["post-81","page","type-page","status-publish","hentry"],"yoast_head":"<!-- This site is optimized with the Yoast SEO plugin v28.4 - https:\/\/yoast.com\/product\/yoast-seo-wordpress\/ -->\n<title>Le petit atelier de Lily - Pose de strass sur textile<\/title>\n<meta name=\"description\" content=\"Isolants confectionn\u00e9s sur mesure pour camping-cars, fourgons, vans et caravanes : baies, lanterneaux et skyroof. Demandez votre devis.\" \/>\n<meta name=\"robots\" content=\"index, follow, max-snippet:-1, max-image-preview:large, max-video-preview:-1\" \/>\n<link rel=\"canonical\" href=\"https:\/\/www.lepetitatelierdelily.fr\/\" \/>\n<meta property=\"og:locale\" content=\"fr_FR\" \/>\n<meta property=\"og:type\" content=\"article\" \/>\n<meta property=\"og:title\" content=\"Le petit atelier de Lily - Pose de strass sur textile\" \/>\n<meta property=\"og:description\" content=\"Isolants confectionn\u00e9s sur mesure pour camping-cars, fourgons, vans et caravanes : baies, lanterneaux et skyroof. Demandez votre devis.\" \/>\n<meta property=\"og:url\" content=\"https:\/\/www.lepetitatelierdelily.fr\/\" \/>\n<meta property=\"og:site_name\" content=\"Le petit atelier de Lily\" \/>\n<meta property=\"article:publisher\" content=\"https:\/\/www.facebook.com\/lepetitatelierdelily\/?ref=bookmarks\" \/>\n<meta property=\"article:modified_time\" content=\"2026-08-02T19:19:48+00:00\" \/>\n<meta property=\"og:image\" content=\"https:\/\/www.lepetitatelierdelily.fr\/wp-content\/uploads\/2026\/07\/IMG_7025-1024x768.jpg\" \/>\n<meta name=\"twitter:card\" content=\"summary_large_image\" \/>\n<meta name=\"twitter:label1\" content=\"Dur\u00e9e de lecture estim\u00e9e\" \/>\n\t<meta name=\"twitter:data1\" content=\"1 minute\" \/>\n<script type=\"application\/ld+json\" class=\"yoast-schema-graph\">{\"@context\":\"https:\\\/\\\/schema.org\",\"@graph\":[{\"@type\":\"WebPage\",\"@id\":\"https:\\\/\\\/www.lepetitatelierdelily.fr\\\/\",\"url\":\"https:\\\/\\\/www.lepetitatelierdelily.fr\\\/\",\"name\":\"Le petit atelier de Lily - Pose de strass sur textile\",\"isPartOf\":{\"@id\":\"https:\\\/\\\/www.lepetitatelierdelily.fr\\\/#website\"},\"primaryImageOfPage\":{\"@id\":\"https:\\\/\\\/www.lepetitatelierdelily.fr\\\/#primaryimage\"},\"image\":{\"@id\":\"https:\\\/\\\/www.lepetitatelierdelily.fr\\\/#primaryimage\"},\"thumbnailUrl\":\"https:\\\/\\\/www.lepetitatelierdelily.fr\\\/wp-content\\\/uploads\\\/2026\\\/07\\\/IMG_7025-1024x768.jpg\",\"datePublished\":\"2019-10-08T09:20:42+00:00\",\"dateModified\":\"2026-08-02T19:19:48+00:00\",\"description\":\"Isolants confectionn\u00e9s sur mesure pour camping-cars, fourgons, vans et caravanes : baies, lanterneaux et skyroof. Demandez votre devis.\",\"inLanguage\":\"fr-FR\",\"potentialAction\":[{\"@type\":\"ReadAction\",\"target\":[\"https:\\\/\\\/www.lepetitatelierdelily.fr\\\/\"]}]},{\"@type\":\"ImageObject\",\"inLanguage\":\"fr-FR\",\"@id\":\"https:\\\/\\\/www.lepetitatelierdelily.fr\\\/#primaryimage\",\"url\":\"https:\\\/\\\/i0.wp.com\\\/www.lepetitatelierdelily.fr\\\/wp-content\\\/uploads\\\/2026\\\/07\\\/IMG_7025.jpg?fit=2048%2C1536&ssl=1\",\"contentUrl\":\"https:\\\/\\\/i0.wp.com\\\/www.lepetitatelierdelily.fr\\\/wp-content\\\/uploads\\\/2026\\\/07\\\/IMG_7025.jpg?fit=2048%2C1536&ssl=1\",\"width\":2048,\"height\":1536},{\"@type\":\"WebSite\",\"@id\":\"https:\\\/\\\/www.lepetitatelierdelily.fr\\\/#website\",\"url\":\"https:\\\/\\\/www.lepetitatelierdelily.fr\\\/\",\"name\":\"Le petit atelier de Lily\",\"description\":\"Les STRASS sont l\u00e0 de jour, comme de nuit !\",\"potentialAction\":[{\"@type\":\"SearchAction\",\"target\":{\"@type\":\"EntryPoint\",\"urlTemplate\":\"https:\\\/\\\/www.lepetitatelierdelily.fr\\\/?s={search_term_string}\"},\"query-input\":{\"@type\":\"PropertyValueSpecification\",\"valueRequired\":true,\"valueName\":\"search_term_string\"}}],\"inLanguage\":\"fr-FR\"}]}<\/script>\n<!-- \/ Yoast SEO plugin. -->","yoast_head_json":{"title":"Le petit atelier de Lily - Pose de strass sur textile","description":"Isolants confectionn\u00e9s sur mesure pour camping-cars, fourgons, vans et caravanes : baies, lanterneaux et skyroof. Demandez votre devis.","robots":{"index":"index","follow":"follow","max-snippet":"max-snippet:-1","max-image-preview":"max-image-preview:large","max-video-preview":"max-video-preview:-1"},"canonical":"https:\/\/www.lepetitatelierdelily.fr\/","og_locale":"fr_FR","og_type":"article","og_title":"Le petit atelier de Lily - Pose de strass sur textile","og_description":"Isolants confectionn\u00e9s sur mesure pour camping-cars, fourgons, vans et caravanes : baies, lanterneaux et skyroof. Demandez votre devis.","og_url":"https:\/\/www.lepetitatelierdelily.fr\/","og_site_name":"Le petit atelier de Lily","article_publisher":"https:\/\/www.facebook.com\/lepetitatelierdelily\/?ref=bookmarks","article_modified_time":"2026-08-02T19:19:48+00:00","og_image":[{"url":"https:\/\/www.lepetitatelierdelily.fr\/wp-content\/uploads\/2026\/07\/IMG_7025-1024x768.jpg","type":"","width":"","height":""}],"twitter_card":"summary_large_image","twitter_misc":{"Dur\u00e9e de lecture estim\u00e9e":"1 minute"},"schema":{"@context":"https:\/\/schema.org","@graph":[{"@type":"WebPage","@id":"https:\/\/www.lepetitatelierdelily.fr\/","url":"https:\/\/www.lepetitatelierdelily.fr\/","name":"Le petit atelier de Lily - Pose de strass sur textile","isPartOf":{"@id":"https:\/\/www.lepetitatelierdelily.fr\/#website"},"primaryImageOfPage":{"@id":"https:\/\/www.lepetitatelierdelily.fr\/#primaryimage"},"image":{"@id":"https:\/\/www.lepetitatelierdelily.fr\/#primaryimage"},"thumbnailUrl":"https:\/\/www.lepetitatelierdelily.fr\/wp-content\/uploads\/2026\/07\/IMG_7025-1024x768.jpg","datePublished":"2019-10-08T09:20:42+00:00","dateModified":"2026-08-02T19:19:48+00:00","description":"Isolants confectionn\u00e9s sur mesure pour camping-cars, fourgons, vans et caravanes : baies, lanterneaux et skyroof. Demandez votre devis.","inLanguage":"fr-FR","potentialAction":[{"@type":"ReadAction","target":["https:\/\/www.lepetitatelierdelily.fr\/"]}]},{"@type":"ImageObject","inLanguage":"fr-FR","@id":"https:\/\/www.lepetitatelierdelily.fr\/#primaryimage","url":"https:\/\/i0.wp.com\/www.lepetitatelierdelily.fr\/wp-content\/uploads\/2026\/07\/IMG_7025.jpg?fit=2048%2C1536&ssl=1","contentUrl":"https:\/\/i0.wp.com\/www.lepetitatelierdelily.fr\/wp-content\/uploads\/2026\/07\/IMG_7025.jpg?fit=2048%2C1536&ssl=1","width":2048,"height":1536},{"@type":"WebSite","@id":"https:\/\/www.lepetitatelierdelily.fr\/#website","url":"https:\/\/www.lepetitatelierdelily.fr\/","name":"Le petit atelier de Lily","description":"Les STRASS sont l\u00e0 de jour, comme de nuit !","potentialAction":[{"@type":"SearchAction","target":{"@type":"EntryPoint","urlTemplate":"https:\/\/www.lepetitatelierdelily.fr\/?s={search_term_string}"},"query-input":{"@type":"PropertyValueSpecification","valueRequired":true,"valueName":"search_term_string"}}],"inLanguage":"fr-FR"}]}},"jetpack_sharing_enabled":true,"_links":{"self":[{"href":"https:\/\/www.lepetitatelierdelily.fr\/index.php?rest_route=\/wp\/v2\/pages\/81","targetHints":{"allow":["GET"]}}],"collection":[{"href":"https:\/\/www.lepetitatelierdelily.fr\/index.php?rest_route=\/wp\/v2\/pages"}],"about":[{"href":"https:\/\/www.lepetitatelierdelily.fr\/index.php?rest_route=\/wp\/v2\/types\/page"}],"author":[{"embeddable":true,"href":"https:\/\/www.lepetitatelierdelily.fr\/index.php?rest_route=\/wp\/v2\/users\/1"}],"replies":[{"embeddable":true,"href":"https:\/\/www.lepetitatelierdelily.fr\/index.php?rest_route=%2Fwp%2Fv2%2Fcomments&post=81"}],"version-history":[{"count":244,"href":"https:\/\/www.lepetitatelierdelily.fr\/index.php?rest_route=\/wp\/v2\/pages\/81\/revisions"}],"predecessor-version":[{"id":27985,"href":"https:\/\/www.lepetitatelierdelily.fr\/index.php?rest_route=\/wp\/v2\/pages\/81\/revisions\/27985"}],"wp:attachment":[{"href":"https:\/\/www.lepetitatelierdelily.fr\/index.php?rest_route=%2Fwp%2Fv2%2Fmedia&parent=81"}],"curies":[{"name":"wp","href":"https:\/\/api.w.org\/{rel}","templated":true}]}}

<h3>ISOLANTS SUR MESURE<br />
&amp;<br />
FLOCAGE PERSONNALISÉ</h3>
<p>Des créations sur mesure pour protéger, personnaliser et embellir votre camping-car, fourgon, van ou caravane.</p>
<p>															<img data-recalc-dims="1" fetchpriority="high" decoding="async" width="960" height="720" src="https://i0.wp.com/www.lepetitatelierdelily.fr/wp-content/uploads/2026/07/IMG_7025.jpg?resize=960%2C720&#038;ssl=1" alt="" srcset="https://i0.wp.com/www.lepetitatelierdelily.fr/wp-content/uploads/2026/07/IMG_7025.jpg?resize=1024%2C768&amp;ssl=1 1024w, https://i0.wp.com/www.lepetitatelierdelily.fr/wp-content/uploads/2026/07/IMG_7025.jpg?resize=300%2C225&amp;ssl=1 300w, https://i0.wp.com/www.lepetitatelierdelily.fr/wp-content/uploads/2026/07/IMG_7025.jpg?resize=768%2C576&amp;ssl=1 768w, https://i0.wp.com/www.lepetitatelierdelily.fr/wp-content/uploads/2026/07/IMG_7025.jpg?resize=1536%2C1152&amp;ssl=1 1536w, https://i0.wp.com/www.lepetitatelierdelily.fr/wp-content/uploads/2026/07/IMG_7025.jpg?resize=1140%2C855&amp;ssl=1 1140w, https://i0.wp.com/www.lepetitatelierdelily.fr/wp-content/uploads/2026/07/IMG_7025.jpg?resize=600%2C450&amp;ssl=1 600w, https://i0.wp.com/www.lepetitatelierdelily.fr/wp-content/uploads/2026/07/IMG_7025.jpg?w=2048&amp;ssl=1 2048w, https://i0.wp.com/www.lepetitatelierdelily.fr/wp-content/uploads/2026/07/IMG_7025.jpg?w=1920&amp;ssl=1 1920w" sizes="(max-width: 960px) 100vw, 960px" />															</p>
<h3>Camping-cars • Fourgons • Vans • Caravanes</h3>
<p>Des isolants confectionnés sur mesure pour vos baies, lanterneaux et skyroof, adaptés aux dimensions de votre véhicule</p>
<p>					<a href="https://www.lepetitatelierdelily.fr/?page_id=188"><br />
									DEMANDER UN DEVIS<br />
					</a></p>

<p>ISOLANTS SUR MESURE &amp; FLOCAGE PERSONNALISÉ Des créations sur mesure pour protéger, personnaliser et embellir votre camping-car, fourgon, van ou caravane.<br /> Camping-cars • Fourgons • Vans • Caravanes Des isolants confectionnés sur mesure pour vos baies, lanterneaux et skyroof, adaptés aux dimensions de votre véhicule DEMANDER UN DEVIS</p>

<!-- This site is optimized with the Yoast SEO plugin v28.4 - https://yoast.com/product/yoast-seo-wordpress/ -->
<title>Le petit atelier de Lily - Pose de strass sur textile</title>
<meta name="description" content="Isolants confectionnés sur mesure pour camping-cars, fourgons, vans et caravanes : baies, lanterneaux et skyroof. Demandez votre devis." />
<meta name="robots" content="index, follow, max-snippet:-1, max-image-preview:large, max-video-preview:-1" />
<link rel="canonical" href="https://www.lepetitatelierdelily.fr/" />
<meta property="og:locale" content="fr_FR" />
<meta property="og:type" content="article" />
<meta property="og:title" content="Le petit atelier de Lily - Pose de strass sur textile" />
<meta property="og:description" content="Isolants confectionnés sur mesure pour camping-cars, fourgons, vans et caravanes : baies, lanterneaux et skyroof. Demandez votre devis." />
<meta property="og:url" content="https://www.lepetitatelierdelily.fr/" />
<meta property="og:site_name" content="Le petit atelier de Lily" />
<meta property="article:publisher" content="https://www.facebook.com/lepetitatelierdelily/?ref=bookmarks" />
<meta property="article:modified_time" content="2026-08-02T19:19:48+00:00" />
<meta property="og:image" content="https://www.lepetitatelierdelily.fr/wp-content/uploads/2026/07/IMG_7025-1024x768.jpg" />
<meta name="twitter:card" content="summary_large_image" />
<meta name="twitter:label1" content="Durée de lecture estimée" />
	<meta name="twitter:data1" content="1 minute" />
<script type="application/ld+json" class="yoast-schema-graph">{"@context":"https:\/\/schema.org","@graph":[{"@type":"WebPage","@id":"https:\/\/www.lepetitatelierdelily.fr\/","url":"https:\/\/www.lepetitatelierdelily.fr\/","name":"Le petit atelier de Lily - Pose de strass sur textile","isPartOf":{"@id":"https:\/\/www.lepetitatelierdelily.fr\/#website"},"primaryImageOfPage":{"@id":"https:\/\/www.lepetitatelierdelily.fr\/#primaryimage"},"image":{"@id":"https:\/\/www.lepetitatelierdelily.fr\/#primaryimage"},"thumbnailUrl":"https:\/\/www.lepetitatelierdelily.fr\/wp-content\/uploads\/2026\/07\/IMG_7025-1024x768.jpg","datePublished":"2019-10-08T09:20:42+00:00","dateModified":"2026-08-02T19:19:48+00:00","description":"Isolants confectionnés sur mesure pour camping-cars, fourgons, vans et caravanes : baies, lanterneaux et skyroof. Demandez votre devis.","inLanguage":"fr-FR","potentialAction":[{"@type":"ReadAction","target":["https:\/\/www.lepetitatelierdelily.fr\/"]}]},{"@type":"ImageObject","inLanguage":"fr-FR","@id":"https:\/\/www.lepetitatelierdelily.fr\/#primaryimage","url":"https:\/\/i0.wp.com\/www.lepetitatelierdelily.fr\/wp-content\/uploads\/2026\/07\/IMG_7025.jpg?fit=2048%2C1536&ssl=1","contentUrl":"https:\/\/i0.wp.com\/www.lepetitatelierdelily.fr\/wp-content\/uploads\/2026\/07\/IMG_7025.jpg?fit=2048%2C1536&ssl=1","width":2048,"height":1536},{"@type":"WebSite","@id":"https:\/\/www.lepetitatelierdelily.fr\/#website","url":"https:\/\/www.lepetitatelierdelily.fr\/","name":"Le petit atelier de Lily","description":"Les STRASS sont là de jour, comme de nuit !","potentialAction":[{"@type":"SearchAction","target":{"@type":"EntryPoint","urlTemplate":"https:\/\/www.lepetitatelierdelily.fr\/?s={search_term_string}"},"query-input":{"@type":"PropertyValueSpecification","valueRequired":true,"valueName":"search_term_string"}}],"inLanguage":"fr-FR"}]}</script>
<!-- / Yoast SEO plugin. -->

Isolants confectionnés sur mesure pour camping-cars, fourgons, vans et caravanes : baies, lanterneaux et skyroof. Demandez votre devis.

Les STRASS sont là de jour, comme de nuit !
